 + 30. Let w be j(y). What is the hundreds digit of (w - 2)/(3/108*-1)?
2
Suppose 6 = -3*g + 2*c, -5*g - 2*c + 1 = -5. What is the units digit of (-60 - -56) + (1 - g - -5)?
2
Let k = -6 - -3. Let n be k*43/(-4)*(-64)/(-12). Suppose 7*w = 6*w + n. What is the tens digit of w?
7
Let n = -1762 + 7077. What is the tens digit of n?
1
What is the tens digit of (88/7)/((-174)/(-386106))?
9
Let r(n) = -7277*n - 1686. What is the thousands digit of r(-2)?
2
What is the units digit of (-1)/(-9)*14862 + (-2)/6 + -3?
8
Let t(v) = -v**2 - v + 4. Let r be t(0). Let p be (-2 - -6) + 7 - 8. Suppose -155 = -p*b - 5*h, 8*h = 4*b + r*h - 228. What is the tens digit of b?
5
Let o be (-4 + 3)*1*-19. Let n(d) = 91*d - d**3 - 262*d + 88*d - 30 + 19*d**2 + 90*d. What is the units digit of n(o)?
3
Let b = -1424 - -1365. Let f(j) = 27*j + 5. Let u be f(4). Let w = u + b. What is the units digit of w?
4
Suppose 25 - 41 = -4*v. Suppose 0 = -c - v*c + 14870. What is the hundreds digit of (-19)/(-152) + (-1)/((-16)/c)?
1
Let y(i) = -3*i**3 - i**2 - 4. Let a(b) = -b**3 - b**2 + b. Let q(h) = 4*a(h) - y(h). Let k be q(-3). What is the tens digit of (-88)/(-33)*(-42)/k?
1
Suppose -9*n + 59 + 4 = 0. Suppose -22*p - 15 = -n*p. What is the tens digit of (3/(-6))/(p/94)?
4
Suppose 111*d = 106*d + 137475. What is the thousands digit of d?
7
Suppose -9*f + 70 = f. Suppose -q + 2136 = f*q. What is the tens digit of q?
6
Let p(m) = 36*m**2 + 6*m - 307. What is the units digit of p(-25)?
3
Let c(k) be the third derivative of 299*k**4/24 - 26*k**3/3 + 41*k**2. Let i be c(-12). What is the tens digit of i/42*3/(-2)?
3
Let r(z) = z**3 + 10*z**2 + 9*z + 93. Let a be r(-10). What is the units digit of -7 + 13 - -176 - a?
9
Suppose 0 = 3168*l - 3172*l + 14364. What is the units digit of l?
1
Suppose -736*c = -818*c + 256250. What is the thousands digit of c?
3
Let o(w) = -78*w**3 + 5*w**2 + 28*w + 11. What is the hundreds digit of o(-5)?
7
Let c(j) = -11071*j + 4480. What is the hundreds digit of c(-5)?
8
Suppose -39 = -10*f + 11. Suppose -2*x + 55 = -2*m + 453, 2*m = -f*x + 370. What is the hundreds digit of m?
1
Suppose -3*h - 4*n = -47830, -h + 6*n + 15922 = 2*n. What is the hundreds digit of h?
9
Suppose 3*d + 20 = 5*v, 2*d - 3*v + 16 = 4. Let l be (0/5)/(-8) - (d - 744). Suppose j = 9*j - l. What is the units digit of j?
3
Suppose -3*s = -2*i + 38, 2*s + 4*i = 3*s - 4. Let l(m) = 3*m. Let n(b) = -25*b + 7. Let f(z) = 24*l(z) + 3*n(z). What is the tens digit of f(s)?
6
Suppose -30 = 26*c - 28*c. What is the units digit of c/25 - (-2927)/5?
6
Suppose 4*c + 5*y - 55 - 15 = 0, 52 = 4*c - 4*y. What is the tens digit of c*10/30 + (-1 - -314)?
1
Let i(l) = 16*l - 6. Suppose -3*g + 21 = -4*g. Let c be (-2)/6*(g/(-7) - 24). What is the tens digit of i(c)?
0
Let z be 16/3*(-6)/(-4). Let r(g) be the second derivative of -g**5/20 + 2*g**4/3 + 37*g**2/2 + g + 1289. What is the units digit of r(z)?
7
Let w = -97 - -178. Let s = w + -26. Suppose 60*x - 280 = s*x. What is the units digit of x?
6
Let g(u) = u**3 + 17*u**2 + 26*u. Let o be g(-15). Suppose -44*f = -49*f + o. Let z(p) = 2*p**2 - 11*p - 15. What is the tens digit of z(f)?
4
What is the ten thousands digit of -30 + 29 + 380578/11?
3
Suppose 13*i - 69501 - 133234 = 0. What is the hundreds digit of i?
5
Suppose 22*s = 39 + 49. Suppose 10*z + s*y = 7*z + 57, -z + 4*y + 35 = 0. What is the tens digit of z?
2
Suppose -5*h = -3*a + 502, 5*a - h = 211 + 633. Let m = -94 + a. Suppose -5*r - m = -10*r - 3*d, 3*r - 3*d - 69 = 0. What is the units digit of r?
8
Suppose 165*p + 109*p = -24*p + 9026122. What is the tens digit of p?
8
Let x(c) = -5 - c**2 + c**3 + c + 3*c + 6. Let r(m) = -6*m - 22. Let y be r(-4). What is the units digit of x(y)?
3
Suppose 27511 = 3*s + 66*t - 62*t, -2*t = -2. What is the units digit of s?
9
Let b = 2391 + 4960. What is the units digit of b?
1
Suppose o + 1051 = 1054. Let m = 234 - -118. Suppose 3*y - 1013 + 112 = -5*x, 2*x = o*y + m. What is the hundreds digit of x?
1
Let j(v) = 2241*v**3 + 4*v**2 + 6*v - 21. What is the thousands digit of j(2)?
7
Let j(h) = -h**2 - 8*h + 14. Let a be j(-9). Suppose 0 = -a*x + 26 - 1. Suppose -4*t + 753 = 5*p, -2*t + x*t + 621 = 4*p. What is the units digit of p?
3
Suppose n + 5*q = 19080, 0 = n + 28*q - 29*q - 19086. What is the tens digit of n?
8
Let i = -17402 - -29795. What is the thousands digit of i?
2
Let q = -1759 - -3701. Let k = -1225 + q. What is the hundreds digit of k?
7
Suppose 3*x + 0*x - 53 = -5*q, 4*q = 2*x + 38. Suppose 3*h + 5628 = q*h. Suppose -5*g = -5*s + 995, s + 4*g - h = -3*s. What is the tens digit of s?
0
Suppose w + 9*x - 5*x = 2966, 4*w - 11779 = x. What is the tens digit of w?
4
Let d(a) = -a**2 - 12*a. Let b(h) = 2*h**2 + 42*h + 20. Let f be b(-20). Let g = f - -10. What is the tens digit of d(g)?
2
Let i(y) be the first derivative of 2/3*y**3 - 10*y**2 - 14 + 4*y. What is the units digit of i(13)?
2
What is the ten thousands digit of (-189 + 193)*(-38702)/(-8)?
1
What is the thousands digit of (-40471)/(-2) - (-19 + (-989)/(-46))?
0
Let u(v) = -1220*v + 11575. What is the thousands digit of u(-26)?
3
Suppose 167*s - 329*s - 65754 = -165*s. What is the thousands digit of s?
1
Let n(c) = -2*c**2 - 11*c + 3. Let i be n(-9). Let y = 185 + i. Suppose 3*v = -4*o + y, 2*v + 2*o = -3*v + 213. What is the tens digit of v?
4
Suppose 386044 = 16*n + 137148. What is the ten thousands digit of n?
1
Suppose 8*i - 18 - 14 = 0. Suppose n + 4*j - 2 = 25, i*n - 3*j - 51 = 0. Let s(g) = g**3 - 14*g**2 - 14*g - 9. What is the units digit of s(n)?
6
Let t(o) = -o**3 - 19*o**2 - 35*o + 269. What is the ten thousands digit of t(-38)?
2
Let g = -866 + 852. What is the hundreds digit of (-59755)/(-35) - (-4)/g - 3?
7
Let x = -498 + 853. Let s(b) = -b**3 + 7*b**2 - 7*b + 3. Let d be s(6). What is the units digit of (x/(-10))/(d/6)?
1
Suppose -37 = -5*z + 18. Suppose 6*m - z*m = -1415. Let i = -180 + m. What is the tens digit of i?
0
Suppose -5*w - 863 = -6*w - 2*l, 4*w - 6*l - 3452 = 0. What is the hundreds digit of w?
8
Suppose -34*d - 1951110 = -197*d. What is the ten thousands digit of d?
1
Let z = 18553 + -15905. What is the units digit of z?
8
Let v = -6541 + 10475. What is the units digit of v?
4
Let b = 8828 - -4055. What is the thousands digit of b?
2
Let m(j) = 2*j**3 - 5*j**2 + 26*j + 53. What is the hundreds digit of m(21)?
9
Suppose 167 = -5*n + l - 140, -2*n = -2*l + 126. Let s = n + 64. Suppose -5*x + 2*q + s*q + 790 = 0, -q = 2. What is the tens digit of x?
5
Let c(t) be the first derivative of 36*t**3 + 4*t**2 + 2*t - 61. What is the hundreds digit of c(2)?
4
Suppose 0 = -12*w + 6*w + 24. Suppose w*d - 14 = 6. Suppose -132 = -7*t + d*t. What is the tens digit of t?
6
Let g be (15/(-6))/5*(-7 + 675). Let i = 1674 + g. What is the tens digit of i?
4
Suppose -624 = -4*s - 4*v + 1492, -2*s - 3*v = -1055. Suppose -3*t + 1466 + s = 0. What is the units digit of t?
6
Suppose 461*l + 1079 = 462*l + 5*z, l - 1058 = 2*z. What is the units digit of l?
4
Suppose -7 = 3*u - 4*z + 14, 2*z + 14 = -2*u. Let g(q) = q**2 - q + 1. Let l(b) = 4*b**2 - b + 3. Let i(p) = -6*g(p) + 2*l(p). What is the units digit of i(u)?
0
Let v(d) = 2*d**2 + 3*d - 4. Suppose -k = 2 + 7. Let o be v(k). Suppose 5*b - 2*b - 720 = -5*a, -a + o = -2*b. What is the units digit of a?
1
Suppose -38*p - 898 = -39*p. Let n = 1260 - p. What is the tens digit of n?
6
Suppose 43*p - 5 = 38*p. Let m be p*(1 + -3 + -1 + 1). Let q = m - -25. What is the units digit of q?
3
Let j be 11/(-55) - 32/(-10). Let d(g) = -3*g**3 - 9*g**3 - 17*g**2 - 5*g + 7*g**j + 4*g**3 - 16. What is the units digit of d(-17)?
9
Suppose -6*o - 3*y = -4*o - 22431, 4*o - 44855 = y. What is the ten thousands digit of o?
1
Let a(z) = 138*z + 100. Suppose 6*n - 2*n - 3*s = 45, -60 = -5*n + 5*s. What is the tens digit of a(n)?
4
Let d = 2674 + 2237. Suppose 3*w - 2946 = -v, -v = -5*w - 3*v + d. What is the tens digit of w?
8
Let b(r) = r**2 - 4*r - 13. Let q be b(15). Let i = q - 67. Suppose -2*n + i = 3*n. What is the units digit of n?
7
Suppose 0 = 8*p + 5468 - 16038 - 17326. What is the units digit of p?
7
Suppose 5*j + l - 852 = -4629, 3*j + 2253 = -5*l. Let i = j - -1467. What is the hundreds digit of i?
7
Suppose 3*f - p = 218161, -5*p